 y be 2 - (0 + -1 - 13). Calculate the greatest common divisor of y and m.
8
Let z(o) be the first derivative of -5*o**2 - 6*o - 1. Let c be -2 + 2 - ((-4)/(-2) - -5). Let g be z(c). What is the greatest common factor of 16 and g?
16
Let c = -33 - -132. What is the highest common divisor of c and 9?
9
Let b be 6/(-21) + 38/(-14). Let p be ((-8)/b - 2)*72. Calculate the highest common divisor of p and 16.
16
Suppose 168 = -p + 5*p. Let y(j) = -j + 12. Let d be y(9). Suppose d = -3*s + 5*n + 1, 3*s + 3*n - 30 = 0. Calculate the greatest common divisor of s and p.
6
Let g(x) = -x**3 - 11*x**2 - 13*x - 28. Let d be g(-10). Calculate the highest common factor of 34 and d.
2
Let h(n) = n**2 - 5*n - 3. Let o be h(3). Let s be (33/o)/(2/(-6)). Suppose 0 = m - 6*m + 275. Calculate the greatest common divisor of s and m.
11
Let o(g) = g**3 + 4*g**2 + 7. Let b be o(-3). Let y be (20/(-16))/(2/(-8)). Suppose 25 = y*i + 5. What is the highest common factor of b and i?
4
Suppose -2*b = -2*j - 4, 1 = b + j + 3. Let x be (12/1)/(b + 1). Calculate the greatest common divisor of 132 and x.
12
Let t be (-4)/2 + -1 + 113. Suppose -2*p + t + 304 = 0. What is the greatest common divisor of p and 23?
23
Let f(i) = -29*i - 1. Let y be f(-2). Let w = 38 - 19. Calculate the highest common divisor of w and y.
19
Let y(f) = -f**2 + 6*f - 7. Let p be y(5). Let i = p + 16. What is the greatest common divisor of i and 126?
14
Suppose -q - 88 = -3*q. Let u(p) = p**2 + 4*p + 3. Let i be u(-3). Suppose i = -3*a + 3*d + 45, -a + 4 = d - 3. Calculate the greatest common factor of a and q.
11
Let b be (110 + (-3)/(-3))*3. Let p be 1/(-2) - b/(-6). Suppose 0 = -3*u - 0*u + 15. Calculate the highest common divisor of u and p.
5
Suppose -33 = -2*r - r. Let q be 1/(-3*1/(-3)). What is the greatest common factor of r and q?
1
Let j be (1/(-4))/((-5)/60). Suppose 0 = p - j*p + 6. Calculate the greatest common factor of p and 3.
3
Suppose 0*j = 2*j - 12. Suppose -5*d = 5*z - 36 + j, 5*z - 2*d - 37 = 0. Suppose z = p - 0*p. What is the greatest common divisor of p and 7?
7
Suppose 5*p - 9 = 2*y, 4*y + y = 5*p - 15. Let x = 6 + p. What is the greatest common factor of x and 7?
7
Let y = 1 + 1. Suppose 5*v = y*v + 30. What is the greatest common factor of v and 1?
1
Suppose -19*s + 216 = 4*l - 15*s, l - 44 = s. Let p be (-1)/((-8)/7 + 1). What is the greatest common divisor of l and p?
7
Let q be 1/((8/(-80))/(2/(-2))). What is the greatest common factor of 70 and q?
10
Let z be 4/(-5)*(-675)/30. What is the greatest common factor of 144 and z?
18
Suppose 0 = -3*l - 1 + 19. Calculate the highest common factor of l and 42.
6
Let v(x) = 8*x + 2. Suppose -u - 19 = -5*f, -2*u - 3*f = -0 - 14. Let n be v(u). Calculate the greatest common factor of n and 25.
5
Suppose 2*f + 0*f = 20. Let l be 0/(-8) - -20*1. What is the greatest common factor of l and f?
10
Let l = 34 - -71. What is the highest common divisor of l and 30?
15
Suppose -150 = l - 6*l. Suppose 20 = 5*v, -5*j + 40 = -j - 5*v. Calculate the highest common factor of l and j.
15
Let t(w) = -w**3 + 7*w**2 + 13*w - 10. Let c be t(8). Calculate the highest common divisor of c and 6.
6
Let u be (-1 - (0 - 16))*-1. Let j be (-2)/(-5) + (-159)/u. Calculate the highest common divisor of 77 and j.
11
Let v = 2 - -2. Let s be -6*(0/(-3) - 6). Calculate the greatest common factor of v and s.
4
Suppose -4*h + 5*z = -30, -2*h - 10 = -6*h - 5*z. Suppose 4*c - h*c = -20. What is the highest common divisor of 160 and c?
20
Let i(d) = 7*d**2 + 29*d + 10. Let k be i(-5). What is the greatest common factor of 10 and k?
10
Suppose 0 = -2*a + a + 7. Suppose 0*k - 35 = -k. What is the highest common factor of a and k?
7
Let r(o) = -o**2 + 17*o + 43. Let y be r(19). Let j(h) = -h**2 + 7*h + 3. Let u be j(4). What is the highest common factor of u and y?
5
Let d(o) = 2*o**2 - 2*o + 6. Let z be d(6). Let j(c) = -c**3 + 17*c**2 - 4*c + 74. Let m be j(17). What is the greatest common divisor of m and z?
6
Let h = -4 - -7. Suppose -s = 4*l - 124, -h*l - 3*s + 116 = l. Let t = -2 + 6. What is the greatest common factor of l and t?
4
Let y be ((-990)/27)/(2/(-3)). What is the greatest common factor of 5 and y?
5
Suppose 5*c = 2*u + 109, 3*c - 8*c - u = -103. Calculate the greatest common divisor of 21 and c.
21
Let w = 11 + -8. What is the highest common divisor of w and 3?
3
Let c = 5 + -3. Suppose -c*f - 102 = -5*f. What is the greatest common factor of f and 17?
17
Suppose 0 = p - 2. Suppose 0 = -4*l + 12, 5*i - 2*l - p*l = 188. Let h = -9 + 17. Calculate the highest common divisor of i and h.
8
Let v = 73 + -21. Suppose -2*p = -3*p + v. Suppose -3*w = -15, -29 = -3*s - 3*w + 5*w. Calculate the greatest common divisor of p and s.
13
Let y(o) be the third derivative of -o**4/12 + 11*o**3/2 - 2*o**2. Let c be y(0). Calculate the greatest common divisor of c and 11.
11
Suppose -3*v + 25 = -260. Calculate the greatest common factor of 19 and v.
19
Suppose 2*d + 70 = 7*d. Calculate the highest common factor of d and 14.
14
Suppose 0*f = g + 5*f + 20, 5*g - 3*f - 40 = 0. Suppose 0 = 3*i + q + 1, 4 = i - g*q - 17. What is the greatest common divisor of i and 2?
1
Suppose 15 + 12 = 3*p. Suppose 2*o - 19 + p = 0. What is the highest common divisor of 20 and o?
5
Suppose -d = 3*d - 56. What is the highest common divisor of d and 2?
2
Let g be 6/3 - 1 - -11. What is the highest common factor of 108 and g?
12
Let b be -2*2*5/(-4). Let u be ((-21)/14)/(6/(-20)). Suppose 2*r = 15 + u. Calculate the highest common divisor of b and r.
5
Let n(b) be the third derivative of b**5/30 - 2*b**3/3 + 9*b**2. Let k be n(2). Calculate the highest common factor of k and 16.
4
Let w(s) be the first derivative of s**2/2 + 16*s - 2. Let g be w(-8). Let v be g/(-4) + (-9)/(-1). Calculate the highest common divisor of v and 28.
7
Let q = -85 - -110. Calculate the highest common divisor of 25 and q.
25
Let q be (-1204)/(-10) + (-2)/5. Let c = q + -45. Let z = 24 + -9. What is the highest common divisor of c and z?
15
Suppose -3*n = n - 80. Calculate the highest common divisor of 220 and n.
20
Let z = 3 - -57. Suppose 0 = 3*b + 2*b - 15. Suppose b*p + 2*x = 37, 4*p - 2*x = 8 + z. What is the greatest common divisor of 135 and p?
15
Suppose u = -3*u - 20, -d + u + 37 = 0. Calculate the greatest common factor of 256 and d.
32
Let b be (-8)/(-5) - ((-168)/(-30) - 6). Calculate the greatest common factor of 6 and b.
2
Let v = -182 + 245. Let t be 1/((-2)/(-16)) + -1. What is the highest common divisor of v and t?
7
Suppose 3*j - 5*d - 8 = 15, 4*j = -5*d - 16. Calculate the highest common divisor of 19 and j.
1
Suppose -4*o - 6*q + 2*q - 12 = 0, 24 = 4*o - 5*q. Let x = -30 + 56. Let w = x - 15. Calculate the greatest common factor of w and o.
1
Suppose -4*n + 223 = -65. Suppose 0 = -3*p + 4*p - 4. Suppose -p*c = c - 40. Calculate the highest common divisor of c and n.
8
Let c be 1/(-2) + (-441)/(-2). Let x(o) be the third derivative of o**4/8 - 2*o**3/3 + 2*o**2. Let j be x(8). What is the greatest common divisor of j and c?
20
Suppose 0 = -3*t + t + 34. Suppose -3*i = 2*f - t, i + f = -0*f + 7. Let y be 119 - (-3)/(i/2). What is the highest common factor of 11 and y?
11
Suppose 0 = -l - z + 189, 0*l + 4*l = z + 761. Suppose 11*v - 8*v = 57. Calculate the greatest common divisor of l and v.
19
Let v(i) = i**2 - i - 4. Let b(d) = d**2 - 4. Let j be b(-3). Let a be v(j). Let n be -5 + 4 + (0 - -3). What is the highest common divisor of n and a?
2
Let i = 13 - 11. Suppose -4*z = -2*h + 36, 5*h - 24 = i*h - 4*z. Calculate the highest common divisor of h and 12.
12
Let j = 18 + -17. Calculate the greatest common factor of 7 and j.
1
Let v = 47 + -34. Suppose 2*y - 10 = 16. Calculate the highest common factor of y and v.
13
Let o(s) = -3*s. Let g be o(-1). What is the highest common factor of 12 and g?
3
Let h(q) = q**2 + 2*q + 46. Let p be h(0). Calculate the highest common factor of 115 and p.
23
Let f = 40 + -19. Calculate the highest common divisor of 3 and f.
3
Suppose i + 2*w - 8 = -0*i, 4*i - 4*w + 4 = 0. What is the greatest common divisor of i and 2?
2
Let z be 5 + -7 + (3 - 1). Let y be 7/2*(z + 2). Calculate the greatest common factor of 28 and y.
7
Suppose -5*n + k = -203, 5*n + 5*k + 28 -